r of 110 and 120?
10
What is the greatest common factor of 11535 and 15?
15
What is the highest common factor of 1908 and 180?
36
Calculate the greatest common divisor of 10 and 1505.
5
What is the greatest common factor of 400 and 20?
20
What is the greatest common factor of 102 and 294?
6
What is the greatest common divisor of 9699 and 636?
159
What is the greatest common factor of 11 and 2662?
11
What is the greatest common factor of 244 and 183?
61
Calculate the greatest common divisor of 1100 and 88.
44
What is the highest common factor of 42 and 15603?
21
What is the greatest common factor of 5975 and 25?
25
Calculate the highest common factor of 108 and 1134.
54
What is the highest common factor of 765 and 225?
45
Calculate the greatest common divisor of 91 and 2723.
7
What is the greatest common divisor of 6 and 1686?
6
Calculate the highest common factor of 588 and 210.
42
What is the highest common divisor of 1740 and 1095?
15
What is the highest common factor of 303 and 202?
101
What is the greatest common divisor of 1376 and 128?
32
Calculate the highest common divisor of 150 and 640.
10
What is the highest common divisor of 2685 and 120?
15
Calculate the highest common factor of 120 and 9390.
30
What is the highest common factor of 131 and 7729?
131
Calculate the greatest common factor of 28 and 1358.
14
What is the greatest common divisor of 5061 and 63?
21
What is the greatest common factor of 304 and 48?
16
Calculate the greatest common factor of 72 and 156.
12
What is the highest common factor of 2552 and 116?
116
What is the highest common divisor of 6972 and 210?
42
What is the highest common divisor of 202 and 12726?
202
Calculate the greatest common divisor of 70 and 4.
2
Calculate the greatest common factor of 231 and 3795.
33
Calculate the highest common factor of 625 and 50.
25
Calculate the highest common factor of 43 and 1333.
43
Calculate the highest common factor of 16 and 64.
16
What is the highest common divisor of 278 and 1251?
139
What is the highest common divisor of 379 and 31457?
379
Calculate the greatest common factor of 1674 and 36.
18
Calculate the greatest common factor of 469 and 268.
67
What is the greatest common divisor of 207 and 184?
23
What is the highest common factor of 1598 and 17?
17
Calculate the highest common factor of 44 and 8.
4
Calculate the highest common factor of 16 and 76.
4
Calculate the highest common divisor of 30 and 310.
10
Calculate the greatest common factor of 666 and 3034.
74
Calculate the greatest common factor of 16 and 784.
16
Calculate the highest common factor of 416 and 32.
32
Calculate the greatest common factor of 13 and 8450.
13
Calculate the highest common factor of 403 and 299.
13
What is the highest common divisor of 44828 and 14?
14
What is the highest common divisor of 1130 and 10?
10
What is the highest common divisor of 633 and 4853?
211
Calculate the greatest common factor of 8 and 212.
4
What is the highest common divisor of 1022 and 14?
14
What is the greatest common divisor of 26 and 23114?
26
What is the highest common factor of 460 and 1035?
115
What is the greatest common factor of 7809 and 114?
57
What is the highest common factor of 57 and 19?
19
What is the greatest common divisor of 2 and 74?
2
What is the greatest common factor of 40 and 872?
8
Calculate the greatest common divisor of 7291 and 3170.
317
Calculate the greatest common factor of 392 and 294.
98
What is the highest common factor of 10845 and 45?
45
Calculate the greatest common divisor of 20 and 4.
4
Calculate the highest common divisor of 33115 and 555.
185
What is the highest common factor of 7 and 1638?
7
Calculate the greatest common factor of 3598 and 28.
14
Calculate the highest common factor of 400 and 225.
25
What is the greatest common divisor of 406 and 14?
14
Calculate the highest common divisor of 186 and 6758.
62
Calculate the highest common divisor of 44 and 198.
22
What is the greatest common divisor of 572 and 88?
44
What is the highest common divisor of 31 and 3751?
31
What is the highest common factor of 5552 and 32?
16
Calculate the highest common divisor of 57492 and 9.
9
Calculate the greatest common divisor of 19 and 7087.
19
What is the highest common divisor of 261 and 1421?
29
Calculate the greatest common factor of 810 and 50.
10
Calculate the greatest common divisor of 27 and 25083.
27
Calculate the greatest common divisor of 1232 and 2240.
112
What is the greatest common divisor of 125 and 30375?
125
What is the highest common factor of 3 and 12?
3
What is the highest common factor of 9405 and 38?
19
What is the greatest common factor of 1898 and 78?
26
What is the greatest common divisor of 48 and 2388?
12
Calculate the greatest common divisor of 1263 and 38732.
421
Calculate the highest common factor of 33 and 132.
33
What is the highest common factor of 82 and 1189?
41
Calculate the highest common divisor of 4500 and 540.
180
What is the highest common factor of 208 and 247?
13
Calculate the greatest common factor of 2486 and 374.
22
What is the highest common factor of 31 and 1333?
31
Calculate the greatest common factor of 12 and 372.
12
What is the greatest common factor of 125 and 7?
1
What is the greatest common factor of 707 and 606?
101
Calculate the highest common factor of 3042 and 18.
18
What is the highest common factor of 108 and 837?
27
Calculate the greatest common divisor of 5539 and 29.
29
Calculate the highest common divisor of 3293 and 74.
37
What is the highest common factor of 1 and 295?
1
Calculate the greatest common divisor of 78 and 273.
39
What is the highest common divisor of 87 and 406?
29
Calculate the highest common divisor of 81 and 4131.
81
What is the highest common divisor of 35301 and 21?
21
Calculate the greatest common factor of 64 and 212.
4
What is the greatest common divisor of 190 and 100?
10
What is the greatest common divisor of 22 and 2?
2
Calculate the highest common divisor of 343 and 196.
49
Calculate the greatest common divisor of 592 and 80.
16
What is the greatest common divisor of 279 and 93?
93
Calculate the highest common divisor of 553 and 70.
7
Calculate the highest common factor of 659 and 3.
1
Calculate the greatest common divisor of 325 and 52.
13
What is the greatest common factor of 10 and 4?
2
What is the greatest common factor of 649 and 885?
59
What is the highest common divisor of 1590 and 12?
6
Calculate the greatest common divisor of 17514 and 126.
126
What is the highest common divisor of 435 and 30?
15
What is the highest common divisor of 45 and 1545?
15
Calculate the highest common factor of 315 and 35.
35
What is the greatest common divisor of 426 and 28826?
142
What is the greatest common factor of 13133 and 23?
23
Calculate the greatest common divisor of 708 and 59.
59
Calculate the greatest common factor of 16 and 31.
1
Calculate the highest common divisor of 23 and 184.
23
What is the greatest common divisor of 66 and 6798?
66
Calculate the highest common factor of 2336 and 32.
32
Calculate the highest common divisor of 13134 and 66.
66
What is the greatest common factor of 33 and 5511?
33
Calculate the highest common divisor of 12 and 948.
12
What is the greatest common divisor of 21 and 63?
21
Calculate the greatest common factor of 1 and 82.
1
What is the greatest common divisor of 12 and 726?
6
Calculate the highest common factor of 840 and 84.
84
Calculate the greatest common divisor of 5125 and 25.
25
What is the highest common divisor of 294 and 2226?
42
What is the greatest common divisor of 154 and 110?
22
Calculate the highest common divisor of 47 and 1222.
47
Calculate the greatest common factor of 11718 and 21.
21
What is the greatest common factor of 82 and 27019?
41
Calculate the highest common divisor of 4440 and 105.
15
Calculate the greatest common divisor of 528 and 121.
11
Calculate the greatest common factor of 2 and 72.
2
Calculate the highest common divisor of 513 and 57.
57
What is the highest common factor of 25 and 200?
25
Calculate the greatest common divisor of 1232 and 484.
44
Calculate the highest common factor of 52 and 806.
26
What is the highest common factor of 25500 and 15?
15
What is the highest common divisor of 455 and 1001?
91
Calculate th